 Let p be a(m). Let b(u) = u**2 + 14*u - 4. Let y be b(-16). What is the greatest common factor of p and y?
14
Let f(n) = n. Let q be f(3). Suppose -3*k = -8*k - 20, 4*d + q*k + 4 = 0. Suppose -d*r = -4*r + 242. What is the greatest common divisor of 11 and r?
11
Let p = 978 + -954. What is the highest common divisor of p and 54?
6
Let a = -17 - -46. Suppose a + 1 = r. Suppose 0 = 3*h - 6*h + r. Calculate the highest common divisor of h and 110.
10
Let l(f) = 4*f**3 - 2*f**2 + 8. Let o be l(6). Calculate the greatest common divisor of 50 and o.
50
Let i(z) be the third derivative of z**5/20 + z**4/12 - z**3/6 - z**2. Let m be i(-3). Let n = -1702 + 1712. Calculate the highest common divisor of n and m.
10
Suppose -4*v + 2*k + 938 = 0, 5*v = 2*v + 4*k + 706. Calculate the highest common factor of v and 18.
18
Let a(c) = c**3 - 4*c**2 - 7*c - 10. Let n = -41 + 48. Let s be a(n). What is the greatest common factor of s and 11?
11
Let w(n) = -44*n + 12. Let k be w(3). Let r be (k/(-18) + -6)*(-30)/(-4). Calculate the highest common factor of 1 and r.
1
Let j(x) = -x**2 - 16*x. Let p be j(-16). Suppose -5*o + 9 = -0*o - z, 5*z + 20 = p. Let u = 15 - 8. What is the greatest common factor of o and u?
1
Let k be (-2)/9 + 12425/225. Let d(c) = c**3 + 4*c**2 + 2. Let a be d(-3). What is the greatest common divisor of a and k?
11
Let i(y) = y. Let n be i(0). Suppose -32*u + u = -31. Suppose -l + 21 - u = n. Calculate the greatest common divisor of l and 220.
20
Let z be 2/((-16)/(-34)) + 6/8. Let i(w) = w**3 + w**2 + w + 25. Let x be i(0). Calculate the highest common divisor of x and z.
5
Let i = -248 + 332. What is the highest common divisor of i and 147?
21
Let f = -216 + 148. Let c = -54 - f. Let n(o) = -10*o**3 - 4*o**2 - 4*o - 2. Let h be n(-2). What is the highest common factor of h and c?
14
Suppose -4*u + h = -12, 0 = h + 2*h. Calculate the greatest common factor of 6 and u.
3
Let i = -2 - -19. Let p(x) = 17*x**2 + x - 2. Let o be p(2). Calculate the highest common divisor of o and i.
17
Let b(q) = -6*q - 8. Let f be b(-2). Suppose -4*z + 7*u - 3*u = -96, 100 = f*z - 2*u. What is the highest common factor of 234 and z?
26
Let y = 1194 + -831. Calculate the highest common divisor of y and 33.
33
Let u(y) = y**2 + 40*y + 328. Let w be u(-33). What is the highest common divisor of w and 1843?
97
Let b = -73 + 82. Let o be -1 + 15/b + 246/9. Calculate the highest common factor of 308 and o.
28
Suppose 9*a - 207 = 8*a. Let n = 77 - a. Let z be -2 - (-2 - 0) - n. What is the greatest common divisor of z and 52?
26
Let f = 1205 + -578. Calculate the highest common factor of f and 57.
57
Let j(a) = -a**2 + 6*a + 8. Let i be j(4). Suppose 4*v + 240 = 9*v. Calculate the greatest common divisor of i and v.
16
Suppose -7 = 4*r - 67. Let u = r - -13. What is the highest common factor of 14 and u?
14
Let b(p) = 54*p - 9. Let d be b(3). Suppose 2*m + m = d. What is the greatest common divisor of 34 and m?
17
Let z be ((-2)/(-7))/(1/(17 - 3)). Suppose -97 = -3*m + 4*o, m - 40 = z*o - 13. Let c be 2/(-6) - (-86)/6. Calculate the greatest common divisor of c and m.
7
Let l be (2 + -6 + 3)/((-2)/6). Suppose l*o - 6*o + 33 = 0. Calculate the highest common factor of o and 77.
11
Let q(f) be the first derivative of f**2 - 24*f + 22. Let g be q(23). What is the highest common factor of 154 and g?
22
Suppose -5*b + 38 = 258. Let a = -23 - b. Suppose -4*x - a = -3*k, 3*k + 5*x - 6 = 4*x. Calculate the greatest common divisor of 15 and k.
3
Let o = 64 - -330. Let r be (-2)/4 + o/4. Suppose 1980 = 3*i + 1938. What is the highest common divisor of r and i?
14
Let b = 5 + -2. Suppose p + 1 = b. Suppose 62 + 2 = 3*n + 2*u, 0 = -5*n + 5*u + 65. Calculate the highest common factor of n and p.
2
Let c = -138 + 148. What is the highest common factor of c and 115?
5
Let r(g) = -3*g + 17. Let l be r(-11). Calculate the greatest common factor of 90 and l.
10
Suppose -126*z + 125*z - 6 = 0. Let h be (0 - -1)*((z - -5) + 2). Calculate the highest common factor of h and 17.
1
Let b(f) = 2*f - 5*f + 44*f**2 - 43*f**2 - 1. Let q be b(2). Let k be (16/q - 1)*-3. Calculate the greatest common divisor of k and 133.
19
Let o(t) = -42*t - 38. Let w be o(-3). What is the highest common divisor of w and 110?
22
Let p be (1/2)/((-17)/(-102)). What is the highest common factor of 12 and p?
3
Suppose -2*r = 2*q - 30, 4*r - r = 0. Let p be (-2 - -1 - -45) + 1. Let b = p - 30. What is the greatest common divisor of b and q?
15
Suppose 2*t = -3*r + 10, 2*r + 3*t - 1 - 14 = 0. Let h(x) = -x**2 - x + 31. Let z be h(r). What is the highest common divisor of 155 and z?
31
Let d = -68 - -44. Let q be 130/8 + 2/(d/3). What is the highest common factor of 48 and q?
16
Let n = -681 + 791. Calculate the highest common factor of n and 176.
22
Suppose -o + 2*o = 3*j - 25, 4*o = 4*j - 20. Suppose -2*y + 3*f + 165 = 0, -10*f + 190 = 2*y - 8*f. What is the highest common factor of j and y?
10
Let l = 3 + -2. Suppose 4*y + 7 = -x + 44, -4*y - 2*x + 42 = 0. Calculate the highest common divisor of y and l.
1
Let q(j) = -j**3 + 9*j**2 - 9*j + 5. Suppose u - 15 = -3*l + l, 5*u - 15 = 5*l. Let a be q(u). What is the greatest common factor of 20 and a?
20
Let t(m) = m**2. Let k(j) = j. Let w(i) = 4*k(i) + t(i). Let b be w(-5). Suppose 49 = b*r - 4*q - 35, -20 = -5*q. What is the greatest common factor of 8 and r?
4
Let y(n) = -2*n - 4. Let t be y(-29). Calculate the greatest common factor of 96 and t.
6
Let s = 32 - -13. Let k = 80 - 43. Let i = k + -19. Calculate the highest common factor of s and i.
9
Let o be 8/((-2)/(-2)) + -2. Let a be (-11 + o)*(-288)/15. Let b(u) = 4*u**2 - 2*u. Let p be b(2). What is the greatest common factor of a and p?
12
Suppose 2*o + 358 = 364. What is the greatest common divisor of o and 57?
3
Suppose 4*u = -75 + 247. Suppose -23 = -3*h + u. Let s(y) = -10*y + 5. Let v be s(-5). Calculate the highest common factor of h and v.
11
Let r = 28 - 28. Suppose -j + 1 = r, -4*t - j + 172 = -93. What is the highest common divisor of t and 44?
22
Let t be ((-28)/4 - 0)/(2/(-40)). Calculate the greatest common factor of t and 4.
4
Let v = -384 + 414. Calculate the greatest common divisor of 255 and v.
15
Let u = 2969 - 1592. Calculate the highest common factor of 162 and u.
81
Let i be (-2)/12*-982 - 15/(-45). Calculate the greatest common factor of i and 41.
41
Suppose -3*l - 3 = 5*c, l - 4 = 3*c + 5*l. Suppose c = -a + 3*a - 14. Calculate the greatest common divisor of 28 and a.
7
Let s(z) = z**3 + 2*z**2 - 5*z - 6. Let y be s(5). Let m = -36 + y. Calculate the greatest common factor of 72 and m.
36
Let x be 4/(-2) - (1 - 8). Let z = 0 - -3. Let y be (z - 7)/(8/(-10)). What is the greatest common divisor of y and x?
5
Suppose -5*u + 2*k = -1768, -4*k = k + 20. Calculate the greatest common divisor of 4 and u.
4
Let a(v) = -73*v - 1. Suppose -2 = 20*n - 18*n. Let o be a(n). Calculate the highest common factor of o and 48.
24
Let r be (-9 - 240/(-32))/((-1)/1390). What is the highest common factor of 15 and r?
15
Let k = 82 + -54. Suppose 697 - 109 = 21*f. Calculate the greatest common factor of f and k.
28
Suppose -3*d + 75 + 132 = 0. Suppose 0 = 3*z - 21 - d. Let m be (z/(-4))/(3/(-16)). What is the greatest common factor of m and 8?
8
Let m(r) = -r**2 + 18*r + 159. Let v be m(23). Calculate the highest common factor of v and 1628.
44
Suppose 4*k = 2*k + 104. Let i be 236/3 - 10/15. Calculate the highest common factor of k and i.
26
Let d(u) = -2*u**3 - 3*u**2 - 4*u - 5. Let p be d(-2). Calculate the greatest common divisor of 28 and p.
7
Let c be 1646/10 - (-12)/30. Suppose 6*t - t = -c. Let j = t - -34. What is the greatest common factor of j and 5?
1
Let u(b) = b**3 - b**2 + b + 85. Let i = 6 - 6. Let y be u(i). Suppose -2*z - 17 = -3*z. What is the highest common factor of y and z?
17
Let t(d) = -d - 5. Let q be (-1)/(495/(-125) + 4). Let i be t(q). What is the greatest common divisor of 100 and i?
20
Suppose -5*m + 309 + 258 = 2*i, -5*i - 3*m + 1427 = 0. What is the greatest common divisor of 130 and i?
26
Let c(j) be the third derivative of j**5/4 + j**4/12 - 24*j**2. Let i be c(-1). What is the highest common divisor of 130 and i?
13
Let h = 182 + -74. Suppose -2581 + 61 = -35*c. What 